e the third derivative of -y**6/120 + y**5/12 - y**4/8 - 2*y**3/3 - 2979*y**2 + y - 1. Let k = -7 - -10. Calculate l(k).
5
Let g be (-4)/10*-10 - 1. Let o be (-1)/(-2)*(5 - g)*-3. Let y(j) = 2*j**2 + 6*j + 5. Calculate y(o).
5
Let g(p) = -2*p**2 + 54*p + 313. Let o be g(-5). Let j(m) = -m**3 - 10*m**2 - 5*m - 6. What is j(o)?
-118
Let w(b) = b - 6. Let z be w(5). Let a = 253 - 245. Let d(i) = a*i**2 + 9*i**2 + 7*i**2 - i - 33*i**2 + 6*i**2. Give d(z).
-2
Let u = -5081 + 5085. Let p(q) = -13*q + 8. Give p(u).
-44
Suppose 4*r = 2*p - 2, r = 6*p - 9*p + 10. Let k(v) = -v**2 + 8*v - 4. Let n(d) = 2*d**2 + d + 2. Let b(l) = r*k(l) + n(l). Calculate b(-7).
-16
Let n(w) = -w**3 + 3*w**2 - w + 4. Let q(o) = -o**3 - 28*o**2 + 31*o + 61. Suppose 94*b = 98*b + 116. Let l be q(b). Determine n(l).
1
Let n(w) = -w**3 - w**2 + 2*w - 6. Let a be ((-4)/26)/(-47 - 23180/(-494)). What is n(a)?
-14
Let y(q) = 2*q**2 + 21*q + 15. Let u(i) = -40*i - 22. Let v(a) = 6*a - 1. Let t(r) = -u(r) - 8*v(r). Let n be t(5). Give y(n).
5
Suppose -54 = -5*o + v + 17, -4*o + 68 = 2*v. Let u = 58 - 56. Let h be ((-18)/(-4))/(u - o/6). Let j(x) = x**3 + 8*x**2 - 9*x - 10. Calculate j(h).
-10
Let o(v) = v**3 + 3*v**2 - 2*v + 1. Suppose -9*j - 2733 = 1713. Let b = j + 490. Determine o(b).
-7
Let c(y) = -13*y - 2. Suppose d = z + 11, 2*z - 19 = -3*d + 19. Let n(f) = 32*f + 4. Let u(s) = d*c(s) + 5*n(s). Calculate u(9).
32
Let s(o) = 8 + 2391*o - 2 - 2386*o. Suppose -22*i - 8 = -20*i. Calculate s(i).
-14
Let r(d) = -17*d**3 - 5*d**2 + 8*d - 2. Let q(v) = -33*v**3 - 11*v**2 + 17*v - 4. Let b(p) = -6*q(p) + 13*r(p). Determine b(1).
-22
Let t(d) = -d**2 + 37*d + 8. Let k(q) = 2*q**2 - 79*q - 17. Let v(j) = -5*k(j) - 11*t(j). Give v(10).
-23
Let o(j) be the third derivative of 0*j**5 + 0 - 1/120*j**6 + 1/24*j**4 + 0*j + 4/3*j**3 - 133*j**2. Give o(0).
8
Suppose -191*y + 5*c = -186*y + 60, -5*c - 48 = 4*y. Let f(r) = -r**3 - 12*r**2 + 5*r + 3. Give f(y).
-57
Let a(r) = 37*r**2 - 9 + 5*r + 39*r**2 - 1 - r**3 - 72*r**2. What is a(4)?
10
Let n(b) be the third derivative of -b**6/120 + b**5/20 - b**4/24 + b**3/3 - b**2. Let x = 693 + -478. Let o = -212 + x. Give n(o).
-1
Let t(s) be the first derivative of -s**5/60 + 13*s**4/24 - s**3/3 + 22*s**2 + 62. Let h(u) be the second derivative of t(u). Calculate h(13).
-2
Let g(c) = 2*c**2 + 10*c + 7. Let y be 9/18 - 2 - (-2)/4. Let d be (6 - y)*(-15)/21. What is g(d)?
7
Let u(r) = r**2 - r - 4. Let h = 148 - 147. Let i(z) = 5*z**3 - z**2 - z + 2. Let v be i(h). What is u(v)?
16
Let d be 0/2 + (-120)/(-12) - -2. Let l be (6/8)/(3/d). Suppose -5*x - l*x = -16. Let h(v) = -2*v**3 + 2*v**2 + 2*v - 2. Calculate h(x).
-6
Let k(a) = -21*a**2 + 0 + 1 + 40*a**2 - 20*a**2 + a**3. Let n = -831 + 830. Give k(n).
-1
Let r be (-60)/24 + 1/2. Let g(k) = -8*k**2 - 3*k + 4. Suppose 14*y - 31*y = 119. Let z(j) = -17*j**2 - 7*j + 10. Let f(i) = y*g(i) + 3*z(i). Give f(r).
22
Suppose 0 = 3*f - 5*h + 1784, 3*f = 4*h - 1970 + 190. Let u = f - -597. Let y(d) = d**3 - 9*d**2 - d - 2. Determine y(u).
-11
Let g(p) be the third derivative of p**5/60 - p**4/24 - 7*p**3/6 + 29*p**2 + p. Let z(a) = a**2 - 4*a + 4. Let q be z(2). Determine g(q).
-7
Let y be 126/231 - (-3)/(-66). Let u(h) be the second derivative of 0 - 1/12*h**4 + 4/3*h**3 + y*h**2 - 15*h. Calculate u(8).
1
Let c(n) = 2 - 2*n - n + 22*n + 18*n**2 - 18*n. Determine c(-1).
19
Suppose -3*y - 15 = -3*s, -s - 7*y + 5*y - 4 = 0. Let r(t) = -16146*t**2 - 2 + 3 + 16146*t**s + 7*t**3. Suppose 0 = 5*c - 7 + 27, 8 = -4*x - c. What is r(x)?
-6
Let n(w) = w**3 + 23*w**2 + 3. Let s be n(-23). Let h(x) = -x**3 - 2 + 2*x**s - 11*x**2 + 16*x**2 + 8 + 5*x. What is h(-4)?
2
Let n be (6 - -1) + 8/4. Let r(k) = -2*k + 2. Let o(a) = 2*a - 2. Let v(g) = 4*o(g) + 5*r(g). What is v(n)?
-16
Let n(z) be the first derivative of -9/2*z**2 + 14*z - 80 - 1/3*z**3. Determine n(-12).
-22
Let v(g) = g**3 - 6*g**2 + 2*g - 6. Let f = 49 - 44. Let i(c) = c**2 - 5*c - 6. Let h be i(f). Let z = h + 12. Calculate v(z).
6
Let j(t) = -156*t**3 + 40. Let k(b) = -104*b**3 + 25. Let u(a) = 5*j(a) - 8*k(a). Calculate u(-1).
-52
Let q be (4/2 - 3)/(4/(-20)). Let h(m) = 5*m - 33. Let k be h(q). Let t(i) = -2*i - 16. What is t(k)?
0
Let l(j) = -47*j - 8. Let n(a) = -a**2 - 24*a + 340. Let u be n(10). Determine l(u).
-8
Suppose -86 = 12*v - 170. Suppose 3*x = 4*d + v, d - 12 = -2*x - 0*d. Let o(q) = q**2 - 5*q - 4. What is o(x)?
-4
Let o(y) be the second derivative of -y**5/20 + y**4/6 + 5*y**2/2 - 310*y - 2. Give o(3).
-4
Let c(w) = -w**3 + 16*w**2 - 16*w + 14. Suppose 0 = -2*k + 3*v + 25, v = -4*k - v + 42. Suppose k*x - 20 - 145 = 0. Calculate c(x).
-1
Let f(v) = -5 - 219*v**2 + v**3 - v + 117*v**2 + 111*v**2 + 0*v**3. Let j = -16 - -7. What is f(j)?
4
Let f(c) be the second derivative of c**3/3 - 3*c**2 - 3*c. Let x(v) = -v**2 - 99*v - 1938. Let q be x(-72). What is f(q)?
6
Let g(n) = 9*n. Let a(c) = -32*c - 1. Let l(b) = 2*a(b) + 7*g(b). Determine l(1).
-3
Suppose -128 = 9*y - 371. Let a(m) = -90 - y + 110 - m**2 - 10*m. Let w = -11 + 2. Determine a(w).
2
Let c be 19/3 - (7 - (-40)/(-6)). Suppose 0 = c*n - 0 - 72. Suppose -11*w + n = -7*w. Let z(t) = -2*t**2 + 4*t - 3. Calculate z(w).
-9
Let u(o) be the third derivative of -o**6/120 - o**5/60 + o**4/8 - o**3/6 - o**2. Let k be 8*(5 + 24/(-5)) + 372/930. Give u(k).
-7
Let r(q) = 14*q + 1. Let o(d) = -66*d - 192. Let s(t) = -o(t) - 4*r(t). Calculate s(-19).
-2
Let a(u) = -222*u + 54. Let y(l) = 103*l - 27. Let f(v) = -6*a(v) - 13*y(v). Determine f(4).
-1
Let j(r) = -r**2 + 5*r - 1. Let a be j(5). Let i(h) = 0*h + 14812 - 14813 + 5*h - 2*h - 4*h + 4*h**2 - 3*h**2. Give i(a).
1
Suppose -9*u = -0*u - 72 - 27. Let z(i) = -i + 20. Determine z(u).
9
Let i(m) = -3*m**2 + 9*m - 22. Let j(l) = -8*l**2 + 18*l - 45. Let o(c) = -5*i(c) + 2*j(c). Calculate o(2).
-2
Let m(p) = -p**3 - 14*p**2 + 18*p + 4. Let v(x) = -x**3 + x**2 + 9*x. Let q(s) = -m(s) + 3*v(s). Determine q(9).
-4
Let j = 3698 + -3701. Let n(i) = -i**3 - 4*i**2 + 3*i + 10. What is n(j)?
-8
Suppose 17 = 2*s - 23. Suppose -3*z = z + s. Let h(g) = -g**3 - 6*g**2 - 7*g - 7. What is h(z)?
3
Let p(w) = -8*w**2 - 11*w - 4. Let t(b) = -3*b**2 - 4*b - 1. Let c(d) = -4*p(d) + 11*t(d). Suppose -15 = -116*g - 15. Determine c(g).
5
Let f = -228 + 240. Let n(z) = -7*z + z**2 - 13 - 17*z + 29*z - f*z. What is n(9)?
5
Let z(y) = -y**2 + 6*y + 2. Let j be z(6). Let a(c) = j*c - 7*c + 7*c + 0*c**2 + 1 + 2*c**2. Let q(d) = 14*d - 102. Let i be q(7). Give a(i).
25
Let g(y) = y**3 + y**2 + 2. Let p(n) = 3*n**3 + 14*n**2 - 10*n + 3. Suppose -5*o = -4*w - 2*o - 10, w + 2*o - 3 = 0. Let t(u) = w*p(u) + 4*g(u). Give t(9).
14
Let b be (-6)/15 + (-1728)/(-320). Let s(o) be the third derivative of 0*o + 0 + 5/12*o**4 + 1/6*o**3 + 15*o**2 - 1/60*o**b. Determine s(10).
1
Let g(y) = -2*y. Let x(p) = -11*p + 10. Let j(i) = 5*g(i) - x(i). Calculate j(14).
4
Let g(p) = -7*p**2 + 3*p - 12. Let t(v) = -11*v**2 + 3*v - 6. Let i(f) = -3*g(f) + 2*t(f). What is i(-6)?
6
Let w(b) = -b**3 + 77*b**2 - 8*b + 619. Let l be w(77). Let z(v) be the second derivative of 3/2*v**2 - v**l - 3*v + 0. Give z(2).
-9
Let m(n) = n - 5. Let d = -3676 - -3693. Give m(d).
12
Let y(f) = -f**2 + f + 1. Let r(v) = -11*v**2 - 2*v + 4. Let i(u) = -r(u) + 2*y(u). Calculate i(1).
11
Let r(v) be the third derivative of 50*v**2 + 11/6*v**3 + 0*v - 1/6*v**4 + 0 - 1/60*v**5. Give r(-5).
6
Let t(a) = -62 - 6*a + 144 - 61 - 118 - 74. What is t(-29)?
3
Let d be (-9*1)/((-52)/(-8) - 5). Let t be (21/14)/(d/(-8)). Let c(v) = -5*v**2 + 5*v**t + 4 + 6*v**2 + v**3 + 6*v. Determine c(-5).
-1
Let o(j) be the second derivative of -5*j**4/6 + j**3/3 - 3*j**2/2 - 10370*j. Determine o(2).
-39
Let i = 12949 - 12926. Let p(q) = -68*q + 1567. What is p(i)?
3
Let y(o) be the second derivative of o**3 - 15*o**2/2 + 425*o. What is y(-4)?
-39
Let t(s) = 12*s + 169 - 59 + s**3 - 61 - 9 - 12*s**2 - 52. Let w = -18 - -29. Calculate t(w).
-1
Let s be ((-2)/4)/(9/(-1080)*5). Let v(q) = -3*q - 16 - s*q - 6*q + 20*q. Determine v(-14).
-2
Let a be 3 + (-3 - -1) - (-22 + 10 + 11). Let w(j) = -3*j**2 + 0*j**2 + 0*j**2 + 3*j. Determine w(a).
-6
Let o(v) = -3*v + 7. Suppose 5*r + 824 = 9. Let n = 169 + r. What is o(n)?
-11
Let c(a) = -1 + 250*a - 4 - 244